{"id":78,"date":"2023-04-04T11:20:55","date_gmt":"2023-04-04T11:20:55","guid":{"rendered":"https:\/\/www.sunrisepv.es\/?page_id=78"},"modified":"2023-04-05T07:01:51","modified_gmt":"2023-04-05T07:01:51","slug":"sunrise","status":"publish","type":"page","link":"https:\/\/www.sunrisepv.es\/","title":{"rendered":"Sunrise PV"},"content":{"rendered":"\n<div class=\"wp-block-cover has-custom-content-position is-position-bottom-left\"><span aria-hidden=\"true\" class=\"wp-block-cover__background has-background-dim\"><\/span><img loading=\"lazy\" decoding=\"async\" width=\"2560\" height=\"1920\" class=\"wp-block-cover__image-background wp-image-55\" alt=\"imagen fondo\" src=\"https:\/\/www.sunrisepv.es\/wp-content\/uploads\/2023\/04\/ingenieros-ambientales-tiro-largo-al-aire-libre-scaled.jpg\" style=\"object-position:20% 17%\" data-object-fit=\"cover\" data-object-position=\"20% 17%\" srcset=\"https:\/\/www.sunrisepv.es\/wp-content\/uploads\/2023\/04\/ingenieros-ambientales-tiro-largo-al-aire-libre-scaled.jpg 2560w, https:\/\/www.sunrisepv.es\/wp-content\/uploads\/2023\/04\/ingenieros-ambientales-tiro-largo-al-aire-libre-300x225.jpg 300w, https:\/\/www.sunrisepv.es\/wp-content\/uploads\/2023\/04\/ingenieros-ambientales-tiro-largo-al-aire-libre-1024x768.jpg 1024w, https:\/\/www.sunrisepv.es\/wp-content\/uploads\/2023\/04\/ingenieros-ambientales-tiro-largo-al-aire-libre-768x576.jpg 768w, https:\/\/www.sunrisepv.es\/wp-content\/uploads\/2023\/04\/ingenieros-ambientales-tiro-largo-al-aire-libre-1536x1152.jpg 1536w, https:\/\/www.sunrisepv.es\/wp-content\/uploads\/2023\/04\/ingenieros-ambientales-tiro-largo-al-aire-libre-2048x1536.jpg 2048w\" sizes=\"auto, (max-width: 2560px) 100vw, 2560px\" \/><div class=\"wp-block-cover__inner-container is-layout-flow wp-block-cover-is-layout-flow\">\n<p class=\"has-text-align-left has-medium-font-size\">Nueva generaci\u00f3n de tecnolog\u00edas fotovoltaicas para reducci\u00f3n del coste energ\u00e9tico mediante estrategias de circularidad<\/p>\n<\/div><\/div>\n\n\n\n<p class=\"has-nv-light-bg-background-color has-text-color has-background\" style=\"color:#333333\">El objetivo general del proyecto SUNRISE se basa en el desarrollo tecnol\u00f3gico de toda la cadena de valor de la tecnolog\u00eda fotovoltaica para la reducci\u00f3n del LCOE, mediante la aplicaci\u00f3n de estrategias de ecodise\u00f1o en todas las fases del ciclo de vida de la instalaci\u00f3n fotovoltaica. De esta manera, se desarrollar\u00e1n tecnolog\u00edas m\u00e1s sostenibles a las existentes actualmente, con un impacto claro en el coste de la energ\u00eda, a trav\u00e9s de la reducci\u00f3n de los costes de O&amp;M o a trav\u00e9s de aumentos significativos de la eficiencia.<\/p>\n\n\n\n<p><\/p>\n","protected":false},"excerpt":{"rendered":"<p>El objetivo general del proyecto SUNRISE se basa en el desarrollo tecnol\u00f3gico de toda la cadena de valor de la tecnolog\u00eda fotovoltaica para la reducci\u00f3n del LCOE, mediante la aplicaci\u00f3n de estrategias de ecodise\u00f1o en todas las fases del ciclo de vida de la instalaci\u00f3n fotovoltaica. De esta manera, se desarrollar\u00e1n tecnolog\u00edas m\u00e1s sostenibles a&hellip;&nbsp;<a href=\"https:\/\/www.sunrisepv.es\/\" class=\"\" rel=\"bookmark\">Leer m\u00e1s &raquo;<span class=\"screen-reader-text\">Sunrise PV<\/span><\/a><\/p>\n","protected":false},"author":1,"featured_media":0,"parent":0,"menu_order":0,"comment_status":"closed","ping_status":"closed","template":"page-templates\/template-pagebuilder-full-width.php","meta":{"neve_meta_sidebar":"","neve_meta_container":"default","neve_meta_enable_content_width":"off","neve_meta_content_width":70,"neve_meta_title_alignment":"","neve_meta_author_avatar":"","neve_post_elements_order":"","neve_meta_disable_header":"","neve_meta_disable_footer":"","neve_meta_disable_title":"on","footnotes":""},"class_list":["post-78","page","type-page","status-publish","hentry"],"_links":{"self":[{"href":"https:\/\/www.sunrisepv.es\/index.php?rest_route=\/wp\/v2\/pages\/78","targetHints":{"allow":["GET"]}}],"collection":[{"href":"https:\/\/www.sunrisepv.es\/index.php?rest_route=\/wp\/v2\/pages"}],"about":[{"href":"https:\/\/www.sunrisepv.es\/index.php?rest_route=\/wp\/v2\/types\/page"}],"author":[{"embeddable":true,"href":"https:\/\/www.sunrisepv.es\/index.php?rest_route=\/wp\/v2\/users\/1"}],"replies":[{"embeddable":true,"href":"https:\/\/www.sunrisepv.es\/index.php?rest_route=%2Fwp%2Fv2%2Fcomments&post=78"}],"version-history":[{"count":10,"href":"https:\/\/www.sunrisepv.es\/index.php?rest_route=\/wp\/v2\/pages\/78\/revisions"}],"predecessor-version":[{"id":122,"href":"https:\/\/www.sunrisepv.es\/index.php?rest_route=\/wp\/v2\/pages\/78\/revisions\/122"}],"wp:attachment":[{"href":"https:\/\/www.sunrisepv.es\/index.php?rest_route=%2Fwp%2Fv2%2Fmedia&parent=78"}],"curies":[{"name":"wp","href":"https:\/\/api.w.org\/{rel}","templated":true}]}}